{"id":8964,"date":"2023-02-09T22:25:36","date_gmt":"2023-02-09T20:25:36","guid":{"rendered":"https:\/\/bojtiekszer.hu\/online-store\/?post_type=product&#038;p=8964"},"modified":"2024-11-14T01:22:25","modified_gmt":"2024-11-13T23:22:25","slug":"osmunda-1235-10073","status":"publish","type":"product","link":"https:\/\/bojtiekszer.hu\/online-store\/termek\/osmunda-1235-10073\/","title":{"rendered":"OSMUNDA \u2219 14kt \u2219 FWP"},"content":{"rendered":"","protected":false},"excerpt":{"rendered":"<p class=\"p1\">[full_width]<\/p>\n<p class=\"p1\"><b>Anyag:<\/b> 14 kt S\u00e1rga arany<br \/>\n<strong>Gy\u00f6ngy:<\/strong> 11-12\u29b0 FWP<br \/>\n<b>Front k\u0151:<\/b> Gy\u00e9m\u00e1nt<br \/>\n<b>Front k\u0151 s\u00faly:<\/b> 0.11 ct<br \/>\n<b>Sz\u00edn \/ tisztas\u00e1g:<\/b> G \/ VS<br \/>\n<b>Certifik\u00e1t:<\/b> Saj\u00e1t \/ Bojti \u00c9kszermanufakt\u00fara<br \/>\n<b>Gy\u0171r\u0171 m\u00e9ret:<\/b> 54<br \/>\n<strong>Nr:<\/strong> 001235<\/p>\n","protected":false},"featured_media":8965,"comment_status":"closed","ping_status":"closed","template":"","meta":[],"product_brand":[],"product_cat":[44],"product_tag":[],"class_list":{"0":"post-8964","1":"product","2":"type-product","3":"status-publish","4":"has-post-thumbnail","6":"product_cat-gyuru","7":"pa_anyag-sarga-arany-14-k","8":"pa_ko-fajtaja-gyemant","9":"pa_ko-merete-0-11-ct","10":"pa_minoseg-g-vs","12":"first","13":"outofstock","14":"sold-individually","15":"purchasable","16":"product-type-simple","17":"add-to-wishlist-before_image"},"yoast_head":"<title>OSMUNDA \u2219 14kt \u2219 FWP - BOJTI \u00c9kszermanufakt\u00fara<\/title>\n<meta name=\"robots\" content=\"index, follow, max-snippet:-1, max-image-preview:large, max-video-preview:-1\" \/>\n<link rel=\"canonical\" href=\"https:\/\/bojtiekszer.hu\/online-store\/termek\/osmunda-1235-10073\/\" \/>\n<meta property=\"og:locale\" content=\"hu_HU\" \/>\n<meta property=\"og:type\" content=\"article\" \/>\n<meta property=\"og:title\" content=\"OSMUNDA \u2219 14kt \u2219 FWP - BOJTI \u00c9kszermanufakt\u00fara\" \/>\n<meta property=\"og:description\" content=\"Anyag: 14 kt S\u00e1rga arany Gy\u00f6ngy: 11-12\u29b0 FWP Front k\u0151: Gy\u00e9m\u00e1nt Front k\u0151 s\u00faly: 0.11 ct Sz\u00edn \/ tisztas\u00e1g: G \/ VS Certifik\u00e1t: Saj\u00e1t \/ Bojti \u00c9kszermanufakt\u00fara Gy\u0171r\u0171 m\u00e9ret: 54 Nr: 001235\" \/>\n<meta property=\"og:url\" content=\"https:\/\/bojtiekszer.hu\/online-store\/termek\/osmunda-1235-10073\/\" \/>\n<meta property=\"og:site_name\" content=\"BOJTI \u00c9kszermanufakt\u00fara\" \/>\n<meta property=\"article:modified_time\" content=\"2024-11-13T23:22:25+00:00\" \/>\n<meta property=\"og:image\" content=\"https:\/\/bojtiekszer.hu\/online-store\/wp-content\/uploads\/2023\/02\/SARGA-GYONGYOS-FWP.jpg\" \/>\n\t<meta property=\"og:image:width\" content=\"2000\" \/>\n\t<meta property=\"og:image:height\" content=\"2000\" \/>\n\t<meta property=\"og:image:type\" content=\"image\/jpeg\" \/>\n<meta name=\"twitter:card\" content=\"summary_large_image\" \/>\n<script type=\"application\/ld+json\" class=\"yoast-schema-graph\">{\"@context\":\"https:\/\/schema.org\",\"@graph\":[{\"@type\":\"WebPage\",\"@id\":\"https:\/\/bojtiekszer.hu\/online-store\/termek\/osmunda-1235-10073\/\",\"url\":\"https:\/\/bojtiekszer.hu\/online-store\/termek\/osmunda-1235-10073\/\",\"name\":\"OSMUNDA \u2219 14kt \u2219 FWP - BOJTI \u00c9kszermanufakt\u00fara\",\"isPartOf\":{\"@id\":\"https:\/\/bojtiekszer.hu\/online-store\/#website\"},\"primaryImageOfPage\":{\"@id\":\"https:\/\/bojtiekszer.hu\/online-store\/termek\/osmunda-1235-10073\/#primaryimage\"},\"image\":{\"@id\":\"https:\/\/bojtiekszer.hu\/online-store\/termek\/osmunda-1235-10073\/#primaryimage\"},\"thumbnailUrl\":\"https:\/\/bojtiekszer.hu\/online-store\/wp-content\/uploads\/2023\/02\/SARGA-GYONGYOS-FWP.jpg\",\"datePublished\":\"2023-02-09T20:25:36+00:00\",\"dateModified\":\"2024-11-13T23:22:25+00:00\",\"breadcrumb\":{\"@id\":\"https:\/\/bojtiekszer.hu\/online-store\/termek\/osmunda-1235-10073\/#breadcrumb\"},\"inLanguage\":\"hu\",\"potentialAction\":[{\"@type\":\"ReadAction\",\"target\":[\"https:\/\/bojtiekszer.hu\/online-store\/termek\/osmunda-1235-10073\/\"]}]},{\"@type\":\"ImageObject\",\"inLanguage\":\"hu\",\"@id\":\"https:\/\/bojtiekszer.hu\/online-store\/termek\/osmunda-1235-10073\/#primaryimage\",\"url\":\"https:\/\/bojtiekszer.hu\/online-store\/wp-content\/uploads\/2023\/02\/SARGA-GYONGYOS-FWP.jpg\",\"contentUrl\":\"https:\/\/bojtiekszer.hu\/online-store\/wp-content\/uploads\/2023\/02\/SARGA-GYONGYOS-FWP.jpg\",\"width\":2000,\"height\":2000},{\"@type\":\"BreadcrumbList\",\"@id\":\"https:\/\/bojtiekszer.hu\/online-store\/termek\/osmunda-1235-10073\/#breadcrumb\",\"itemListElement\":[{\"@type\":\"ListItem\",\"position\":1,\"name\":\"Kezd\u0151lap\",\"item\":\"https:\/\/bojtiekszer.hu\/online-store\/\"},{\"@type\":\"ListItem\",\"position\":2,\"name\":\"\u00dczlet\",\"item\":\"https:\/\/bojtiekszer.hu\/online-store\/uzlet\/\"},{\"@type\":\"ListItem\",\"position\":3,\"name\":\"OSMUNDA \u2219 14kt \u2219 FWP\"}]},{\"@type\":\"WebSite\",\"@id\":\"https:\/\/bojtiekszer.hu\/online-store\/#website\",\"url\":\"https:\/\/bojtiekszer.hu\/online-store\/\",\"name\":\"BOJTI \u00c9kszermanufakt\u00fara\",\"description\":\"\",\"potentialAction\":[{\"@type\":\"SearchAction\",\"target\":{\"@type\":\"EntryPoint\",\"urlTemplate\":\"https:\/\/bojtiekszer.hu\/online-store\/?s={search_term_string}\"},\"query-input\":{\"@type\":\"PropertyValueSpecification\",\"valueRequired\":true,\"valueName\":\"search_term_string\"}}],\"inLanguage\":\"hu\"}]}<\/script>","yoast_head_json":{"title":"OSMUNDA \u2219 14kt \u2219 FWP - BOJTI \u00c9kszermanufakt\u00fara","robots":{"index":"index","follow":"follow","max-snippet":"max-snippet:-1","max-image-preview":"max-image-preview:large","max-video-preview":"max-video-preview:-1"},"canonical":"https:\/\/bojtiekszer.hu\/online-store\/termek\/osmunda-1235-10073\/","og_locale":"hu_HU","og_type":"article","og_title":"OSMUNDA \u2219 14kt \u2219 FWP - BOJTI \u00c9kszermanufakt\u00fara","og_description":"Anyag: 14 kt S\u00e1rga arany Gy\u00f6ngy: 11-12\u29b0 FWP Front k\u0151: Gy\u00e9m\u00e1nt Front k\u0151 s\u00faly: 0.11 ct Sz\u00edn \/ tisztas\u00e1g: G \/ VS Certifik\u00e1t: Saj\u00e1t \/ Bojti \u00c9kszermanufakt\u00fara Gy\u0171r\u0171 m\u00e9ret: 54 Nr: 001235","og_url":"https:\/\/bojtiekszer.hu\/online-store\/termek\/osmunda-1235-10073\/","og_site_name":"BOJTI \u00c9kszermanufakt\u00fara","article_modified_time":"2024-11-13T23:22:25+00:00","og_image":[{"width":2000,"height":2000,"url":"https:\/\/bojtiekszer.hu\/online-store\/wp-content\/uploads\/2023\/02\/SARGA-GYONGYOS-FWP.jpg","type":"image\/jpeg"}],"twitter_card":"summary_large_image","schema":{"@context":"https:\/\/schema.org","@graph":[{"@type":"WebPage","@id":"https:\/\/bojtiekszer.hu\/online-store\/termek\/osmunda-1235-10073\/","url":"https:\/\/bojtiekszer.hu\/online-store\/termek\/osmunda-1235-10073\/","name":"OSMUNDA \u2219 14kt \u2219 FWP - BOJTI \u00c9kszermanufakt\u00fara","isPartOf":{"@id":"https:\/\/bojtiekszer.hu\/online-store\/#website"},"primaryImageOfPage":{"@id":"https:\/\/bojtiekszer.hu\/online-store\/termek\/osmunda-1235-10073\/#primaryimage"},"image":{"@id":"https:\/\/bojtiekszer.hu\/online-store\/termek\/osmunda-1235-10073\/#primaryimage"},"thumbnailUrl":"https:\/\/bojtiekszer.hu\/online-store\/wp-content\/uploads\/2023\/02\/SARGA-GYONGYOS-FWP.jpg","datePublished":"2023-02-09T20:25:36+00:00","dateModified":"2024-11-13T23:22:25+00:00","breadcrumb":{"@id":"https:\/\/bojtiekszer.hu\/online-store\/termek\/osmunda-1235-10073\/#breadcrumb"},"inLanguage":"hu","potentialAction":[{"@type":"ReadAction","target":["https:\/\/bojtiekszer.hu\/online-store\/termek\/osmunda-1235-10073\/"]}]},{"@type":"ImageObject","inLanguage":"hu","@id":"https:\/\/bojtiekszer.hu\/online-store\/termek\/osmunda-1235-10073\/#primaryimage","url":"https:\/\/bojtiekszer.hu\/online-store\/wp-content\/uploads\/2023\/02\/SARGA-GYONGYOS-FWP.jpg","contentUrl":"https:\/\/bojtiekszer.hu\/online-store\/wp-content\/uploads\/2023\/02\/SARGA-GYONGYOS-FWP.jpg","width":2000,"height":2000},{"@type":"BreadcrumbList","@id":"https:\/\/bojtiekszer.hu\/online-store\/termek\/osmunda-1235-10073\/#breadcrumb","itemListElement":[{"@type":"ListItem","position":1,"name":"Kezd\u0151lap","item":"https:\/\/bojtiekszer.hu\/online-store\/"},{"@type":"ListItem","position":2,"name":"\u00dczlet","item":"https:\/\/bojtiekszer.hu\/online-store\/uzlet\/"},{"@type":"ListItem","position":3,"name":"OSMUNDA \u2219 14kt \u2219 FWP"}]},{"@type":"WebSite","@id":"https:\/\/bojtiekszer.hu\/online-store\/#website","url":"https:\/\/bojtiekszer.hu\/online-store\/","name":"BOJTI \u00c9kszermanufakt\u00fara","description":"","potentialAction":[{"@type":"SearchAction","target":{"@type":"EntryPoint","urlTemplate":"https:\/\/bojtiekszer.hu\/online-store\/?s={search_term_string}"},"query-input":{"@type":"PropertyValueSpecification","valueRequired":true,"valueName":"search_term_string"}}],"inLanguage":"hu"}]}},"pll_sync_post":[],"lang":"hu","translations":{"hu":8964,"en":10330},"_links":{"self":[{"href":"https:\/\/bojtiekszer.hu\/online-store\/wp-json\/wp\/v2\/product\/8964"}],"collection":[{"href":"https:\/\/bojtiekszer.hu\/online-store\/wp-json\/wp\/v2\/product"}],"about":[{"href":"https:\/\/bojtiekszer.hu\/online-store\/wp-json\/wp\/v2\/types\/product"}],"replies":[{"embeddable":true,"href":"https:\/\/bojtiekszer.hu\/online-store\/wp-json\/wp\/v2\/comments?post=8964"}],"wp:featuredmedia":[{"embeddable":true,"href":"https:\/\/bojtiekszer.hu\/online-store\/wp-json\/wp\/v2\/media\/8965"}],"wp:attachment":[{"href":"https:\/\/bojtiekszer.hu\/online-store\/wp-json\/wp\/v2\/media?parent=8964"}],"wp:term":[{"taxonomy":"product_brand","embeddable":true,"href":"https:\/\/bojtiekszer.hu\/online-store\/wp-json\/wp\/v2\/product_brand?post=8964"},{"taxonomy":"product_cat","embeddable":true,"href":"https:\/\/bojtiekszer.hu\/online-store\/wp-json\/wp\/v2\/product_cat?post=8964"},{"taxonomy":"product_tag","embeddable":true,"href":"https:\/\/bojtiekszer.hu\/online-store\/wp-json\/wp\/v2\/product_tag?post=8964"}],"curies":[{"name":"wp","href":"https:\/\/api.w.org\/{rel}","templated":true}]}}