{"id":10181,"date":"2024-10-07T12:06:28","date_gmt":"2024-10-07T10:06:28","guid":{"rendered":"https:\/\/bojtiekszer.hu\/online-store\/?post_type=product&#038;p=9955"},"modified":"2024-11-14T01:19:04","modified_gmt":"2024-11-13T23:19:04","slug":"peppermint-11009","status":"publish","type":"product","link":"https:\/\/bojtiekszer.hu\/online-store\/en\/product\/peppermint-11009\/","title":{"rendered":"PEPPERMINT \u2219 Pt950 \u2219 0.54ct"},"content":{"rendered":"","protected":false},"excerpt":{"rendered":"<p class=\"p1\">[full_width]<\/p>\n<p class=\"p1\"><b>Material:<\/b> Platinum 950<\/p>\n<p><b>Front stone:<\/b> Diamond \/ Cushion<\/p>\n<p><b>Front stone weight:<\/b> 0.41 ct<\/p>\n<p><b>Colour \/ Clarity:<\/b> G\/ VVS2<\/p>\n<p><b>Certifikat:<\/b> International \/ GIA<\/p>\n<p><b>Side stone:<\/b> Diamond<\/p>\n<p><b>Side stone weight:<\/b> 0.13 ct<\/p>\n<p><b>Colour \/ Clarity:<\/b> G \/ VS<\/p>\n<p><b>Ring size:<\/b> 52<\/p>\n<p><strong>No:<\/strong> 001300<\/p>\n","protected":false},"featured_media":9956,"comment_status":"closed","ping_status":"closed","template":"","meta":[],"product_brand":[],"product_cat":[2652],"product_tag":[],"class_list":{"0":"post-10181","1":"product","2":"type-product","3":"status-publish","4":"has-post-thumbnail","6":"product_cat-engagement-rings","7":"pa_anyag-platinum-950","8":"pa_ko-fajtaja-diamond","9":"pa_ko-merete-0-54-ct","10":"pa_minoseg-g-vvs2","12":"first","13":"outofstock","14":"sold-individually","15":"purchasable","16":"product-type-simple","17":"add-to-wishlist-before_image"},"yoast_head":"<title>PEPPERMINT \u2219 Pt950 \u2219 0.54ct - BOJTI \u00c9kszermanufakt\u00fara<\/title>\n<meta name=\"robots\" content=\"index, follow, max-snippet:-1, max-image-preview:large, max-video-preview:-1\" \/>\n<link rel=\"canonical\" href=\"https:\/\/bojtiekszer.hu\/online-store\/en\/product\/peppermint-11009\/\" \/>\n<meta property=\"og:locale\" content=\"hu_HU\" \/>\n<meta property=\"og:type\" content=\"article\" \/>\n<meta property=\"og:title\" content=\"PEPPERMINT \u2219 Pt950 \u2219 0.54ct - BOJTI \u00c9kszermanufakt\u00fara\" \/>\n<meta property=\"og:description\" content=\"Material: Platinum 950 Front stone: Diamond \/ Cushion Front stone weight: 0.41 ct Colour \/ Clarity: G\/ VVS2 Certifikat: International \/ GIA Side stone: Diamond Side stone weight: 0.13 ct Colour \/ Clarity: G \/ VS Ring size: 52 No: 001300\" \/>\n<meta property=\"og:url\" content=\"https:\/\/bojtiekszer.hu\/online-store\/en\/product\/peppermint-11009\/\" \/>\n<meta property=\"og:site_name\" content=\"BOJTI \u00c9kszermanufakt\u00fara\" \/>\n<meta property=\"article:modified_time\" content=\"2024-11-13T23:19:04+00:00\" \/>\n<meta property=\"og:image\" content=\"https:\/\/bojtiekszer.hu\/online-store\/wp-content\/uploads\/2024\/10\/1300-cushion-pt-w.jpg\" \/>\n\t<meta property=\"og:image:width\" content=\"2000\" \/>\n\t<meta property=\"og:image:height\" content=\"2000\" \/>\n\t<meta property=\"og:image:type\" content=\"image\/jpeg\" \/>\n<meta name=\"twitter:card\" content=\"summary_large_image\" \/>\n<meta name=\"twitter:label1\" content=\"Becs\u00fclt olvas\u00e1si id\u0151\" \/>\n\t<meta name=\"twitter:data1\" content=\"1 perc\" \/>\n<script type=\"application\/ld+json\" class=\"yoast-schema-graph\">{\"@context\":\"https:\/\/schema.org\",\"@graph\":[{\"@type\":\"WebPage\",\"@id\":\"https:\/\/bojtiekszer.hu\/online-store\/en\/product\/peppermint-11009\/\",\"url\":\"https:\/\/bojtiekszer.hu\/online-store\/en\/product\/peppermint-11009\/\",\"name\":\"PEPPERMINT \u2219 Pt950 \u2219 0.54ct - BOJTI \u00c9kszermanufakt\u00fara\",\"isPartOf\":{\"@id\":\"https:\/\/bojtiekszer.hu\/online-store\/#website\"},\"primaryImageOfPage\":{\"@id\":\"https:\/\/bojtiekszer.hu\/online-store\/en\/product\/peppermint-11009\/#primaryimage\"},\"image\":{\"@id\":\"https:\/\/bojtiekszer.hu\/online-store\/en\/product\/peppermint-11009\/#primaryimage\"},\"thumbnailUrl\":\"https:\/\/bojtiekszer.hu\/online-store\/wp-content\/uploads\/2024\/10\/1300-cushion-pt-w.jpg\",\"datePublished\":\"2024-10-07T10:06:28+00:00\",\"dateModified\":\"2024-11-13T23:19:04+00:00\",\"breadcrumb\":{\"@id\":\"https:\/\/bojtiekszer.hu\/online-store\/en\/product\/peppermint-11009\/#breadcrumb\"},\"inLanguage\":\"hu\",\"potentialAction\":[{\"@type\":\"ReadAction\",\"target\":[\"https:\/\/bojtiekszer.hu\/online-store\/en\/product\/peppermint-11009\/\"]}]},{\"@type\":\"ImageObject\",\"inLanguage\":\"hu\",\"@id\":\"https:\/\/bojtiekszer.hu\/online-store\/en\/product\/peppermint-11009\/#primaryimage\",\"url\":\"https:\/\/bojtiekszer.hu\/online-store\/wp-content\/uploads\/2024\/10\/1300-cushion-pt-w.jpg\",\"contentUrl\":\"https:\/\/bojtiekszer.hu\/online-store\/wp-content\/uploads\/2024\/10\/1300-cushion-pt-w.jpg\",\"width\":2000,\"height\":2000},{\"@type\":\"BreadcrumbList\",\"@id\":\"https:\/\/bojtiekszer.hu\/online-store\/en\/product\/peppermint-11009\/#breadcrumb\",\"itemListElement\":[{\"@type\":\"ListItem\",\"position\":1,\"name\":\"Kezd\u0151lap\",\"item\":\"https:\/\/bojtiekszer.hu\/online-store\/\"},{\"@type\":\"ListItem\",\"position\":2,\"name\":\"\u00dczlet\",\"item\":\"https:\/\/bojtiekszer.hu\/online-store\/uzlet\/\"},{\"@type\":\"ListItem\",\"position\":3,\"name\":\"PEPPERMINT \u2219 Pt950 \u2219 0.54ct\"}]},{\"@type\":\"WebSite\",\"@id\":\"https:\/\/bojtiekszer.hu\/online-store\/#website\",\"url\":\"https:\/\/bojtiekszer.hu\/online-store\/\",\"name\":\"BOJTI \u00c9kszermanufakt\u00fara\",\"description\":\"\",\"potentialAction\":[{\"@type\":\"SearchAction\",\"target\":{\"@type\":\"EntryPoint\",\"urlTemplate\":\"https:\/\/bojtiekszer.hu\/online-store\/?s={search_term_string}\"},\"query-input\":{\"@type\":\"PropertyValueSpecification\",\"valueRequired\":true,\"valueName\":\"search_term_string\"}}],\"inLanguage\":\"hu\"}]}<\/script>","yoast_head_json":{"title":"PEPPERMINT \u2219 Pt950 \u2219 0.54ct - BOJTI \u00c9kszermanufakt\u00fara","robots":{"index":"index","follow":"follow","max-snippet":"max-snippet:-1","max-image-preview":"max-image-preview:large","max-video-preview":"max-video-preview:-1"},"canonical":"https:\/\/bojtiekszer.hu\/online-store\/en\/product\/peppermint-11009\/","og_locale":"hu_HU","og_type":"article","og_title":"PEPPERMINT \u2219 Pt950 \u2219 0.54ct - BOJTI \u00c9kszermanufakt\u00fara","og_description":"Material: Platinum 950 Front stone: Diamond \/ Cushion Front stone weight: 0.41 ct Colour \/ Clarity: G\/ VVS2 Certifikat: International \/ GIA Side stone: Diamond Side stone weight: 0.13 ct Colour \/ Clarity: G \/ VS Ring size: 52 No: 001300","og_url":"https:\/\/bojtiekszer.hu\/online-store\/en\/product\/peppermint-11009\/","og_site_name":"BOJTI \u00c9kszermanufakt\u00fara","article_modified_time":"2024-11-13T23:19:04+00:00","og_image":[{"width":2000,"height":2000,"url":"https:\/\/bojtiekszer.hu\/online-store\/wp-content\/uploads\/2024\/10\/1300-cushion-pt-w.jpg","type":"image\/jpeg"}],"twitter_card":"summary_large_image","twitter_misc":{"Becs\u00fclt olvas\u00e1si id\u0151":"1 perc"},"schema":{"@context":"https:\/\/schema.org","@graph":[{"@type":"WebPage","@id":"https:\/\/bojtiekszer.hu\/online-store\/en\/product\/peppermint-11009\/","url":"https:\/\/bojtiekszer.hu\/online-store\/en\/product\/peppermint-11009\/","name":"PEPPERMINT \u2219 Pt950 \u2219 0.54ct - BOJTI \u00c9kszermanufakt\u00fara","isPartOf":{"@id":"https:\/\/bojtiekszer.hu\/online-store\/#website"},"primaryImageOfPage":{"@id":"https:\/\/bojtiekszer.hu\/online-store\/en\/product\/peppermint-11009\/#primaryimage"},"image":{"@id":"https:\/\/bojtiekszer.hu\/online-store\/en\/product\/peppermint-11009\/#primaryimage"},"thumbnailUrl":"https:\/\/bojtiekszer.hu\/online-store\/wp-content\/uploads\/2024\/10\/1300-cushion-pt-w.jpg","datePublished":"2024-10-07T10:06:28+00:00","dateModified":"2024-11-13T23:19:04+00:00","breadcrumb":{"@id":"https:\/\/bojtiekszer.hu\/online-store\/en\/product\/peppermint-11009\/#breadcrumb"},"inLanguage":"hu","potentialAction":[{"@type":"ReadAction","target":["https:\/\/bojtiekszer.hu\/online-store\/en\/product\/peppermint-11009\/"]}]},{"@type":"ImageObject","inLanguage":"hu","@id":"https:\/\/bojtiekszer.hu\/online-store\/en\/product\/peppermint-11009\/#primaryimage","url":"https:\/\/bojtiekszer.hu\/online-store\/wp-content\/uploads\/2024\/10\/1300-cushion-pt-w.jpg","contentUrl":"https:\/\/bojtiekszer.hu\/online-store\/wp-content\/uploads\/2024\/10\/1300-cushion-pt-w.jpg","width":2000,"height":2000},{"@type":"BreadcrumbList","@id":"https:\/\/bojtiekszer.hu\/online-store\/en\/product\/peppermint-11009\/#breadcrumb","itemListElement":[{"@type":"ListItem","position":1,"name":"Kezd\u0151lap","item":"https:\/\/bojtiekszer.hu\/online-store\/"},{"@type":"ListItem","position":2,"name":"\u00dczlet","item":"https:\/\/bojtiekszer.hu\/online-store\/uzlet\/"},{"@type":"ListItem","position":3,"name":"PEPPERMINT \u2219 Pt950 \u2219 0.54ct"}]},{"@type":"WebSite","@id":"https:\/\/bojtiekszer.hu\/online-store\/#website","url":"https:\/\/bojtiekszer.hu\/online-store\/","name":"BOJTI \u00c9kszermanufakt\u00fara","description":"","potentialAction":[{"@type":"SearchAction","target":{"@type":"EntryPoint","urlTemplate":"https:\/\/bojtiekszer.hu\/online-store\/?s={search_term_string}"},"query-input":{"@type":"PropertyValueSpecification","valueRequired":true,"valueName":"search_term_string"}}],"inLanguage":"hu"}]}},"pll_sync_post":[],"lang":"en","translations":{"en":10181,"hu":9955},"_links":{"self":[{"href":"https:\/\/bojtiekszer.hu\/online-store\/wp-json\/wp\/v2\/product\/10181"}],"collection":[{"href":"https:\/\/bojtiekszer.hu\/online-store\/wp-json\/wp\/v2\/product"}],"about":[{"href":"https:\/\/bojtiekszer.hu\/online-store\/wp-json\/wp\/v2\/types\/product"}],"replies":[{"embeddable":true,"href":"https:\/\/bojtiekszer.hu\/online-store\/wp-json\/wp\/v2\/comments?post=10181"}],"wp:featuredmedia":[{"embeddable":true,"href":"https:\/\/bojtiekszer.hu\/online-store\/wp-json\/wp\/v2\/media\/9956"}],"wp:attachment":[{"href":"https:\/\/bojtiekszer.hu\/online-store\/wp-json\/wp\/v2\/media?parent=10181"}],"wp:term":[{"taxonomy":"product_brand","embeddable":true,"href":"https:\/\/bojtiekszer.hu\/online-store\/wp-json\/wp\/v2\/product_brand?post=10181"},{"taxonomy":"product_cat","embeddable":true,"href":"https:\/\/bojtiekszer.hu\/online-store\/wp-json\/wp\/v2\/product_cat?post=10181"},{"taxonomy":"product_tag","embeddable":true,"href":"https:\/\/bojtiekszer.hu\/online-store\/wp-json\/wp\/v2\/product_tag?post=10181"}],"curies":[{"name":"wp","href":"https:\/\/api.w.org\/{rel}","templated":true}]}}